- (3 - -27).
-20
Calculate 34 + -78 + 43 + -22 + -1.
-24
Calculate 30 + -51 - (37 + -31).
-27
Evaluate (8 - (1 - 3) - 0) + -5.
5
Evaluate -30 - (-15 + (-2 + 0 - -6)).
-19
What is 1 + (-6 - (-5 + -1 + 19 + -3))?
-15
What is the value of -15 + 1 + 43 + -56 + 4?
-23
What is 434 + -419 - (15 + -2)?
2
Evaluate (2 - (-13 + 9)) + (-32 - -56).
30
Evaluate -2 + 10 + -20 + -3 - -8.
-7
What is the value of -7 + (-11 + 17 - (-6 + 18))?
-13
What is the value of 20 + -24 - -15 - (38 - -2)?
-29
9 + 1 + (10 - (5 + 4))
11
What is -7 + -36 + 45 - (12 + -1)?
-9
What is the value of -1 + (4 - -2) + -6 + -9?
-10
-6 - ((14 - 20) + (1 - 1))
0
Evaluate 1 - (8 + -19 + 11).
1
Evaluate 14 - (-9 - (5 - (-8 - -23))).
13
What is -4 + (51 - 47 - (3 + 0 - -1))?
-4
What is -6 + 17 + -16 - (-15 - 0)?
10
What is 48 + -52 + (1 - 3) + (-1 - 1)?
-8
What is 10 + (8 + -17 - -2) + 10?
13
What is -13 + 10 - 39 - -22?
-20
Calculate -13 + 0 - (-5 - 7).
-1
What is the value of (1 + 0 - -2) + -62 + 50 + 15?
6
-4 + (3 + 0 + 4 - 10)
-7
(45 - (33 + 31)) + -6 + 3
-22
Calculate (8 - 2) + -2 + (-8 - 1) + -3.
-8
9 + -4 + (22 - 20)
7
(-4 - (-2 + -4)) + 0 - (5 - -4)
-7
What is the value of -20 - (-7 - 10 - -8) - -8?
-3
What is -17 - 12 - -11 - -1?
-17
Calculate 1 - (16 + -10 + 6 + 0 + -2).
-9
What is (-13 - 4) + (24 - (17 - 4))?
-6
Calculate 1 - (-2 + 12 - 7) - 11.
-13
-20 + -1 - (-180 + 140)
19
Calculate -8 - (0 - (0 + 3) - (-259 - -259)).
-5
What is the value of -19 - -1 - (142 - 146)?
-14
What is -16 - -2 - (-15 + 18 + -8)?
-9
What is 1 + -7 + (13 - (4 + -23 - 0))?
26
Calculate 1 + -12 + 27 + -15.
1
Evaluate (-2 + -21 - -16) + (2 - -13).
8
What is -6 + (0 - -5 - (22 - 14) - -10)?
1
Calculate 1 + -3 - (-16 - (-50 - -38)).
2
Evaluate -65 + 47 + 1 + 6 + -4.
-15
What is -21 - (-34 - (-7 + -11))?
-5
What is the value of -11 + (-85 - -104) - (-1 - -35)?
-26
(0 - 0) + -19 + -41 + -5 + 53
-12
What is 12 - (11 + 15 + -17)?
3
Evaluate (7 - 17) + 2 + 11.
3
Calculate -8 - (4 + -3 + 7 + -8 + -6).
-2
Calculate (4 - 6) + (-1 - 6) + -3.
-12
Evaluate -1 + -3 + (-4 - 15) + 34 + -27.
-16
3 + 2 + (-7 - -1) + (151 - 142)
8
What is the value of 3 - 2 - -4 - 4 - (-22 - -15)?
8
Calculate 14 + 3 + (-18 - -4 - -23).
26
Calculate 1 + 0 - -3 - (-86 + 47 - -30).
13
What is (10 + -17 - -11 - (1 - 9)) + -8?
4
Evaluate -25 + 0 - (-19 + (1 - -9)).
-16
Calculate -39 + 21 - -21 - (-2 + 5 - -13).
-13
12 - (-4 + 9) - (46 - 20)
-19
What is the value of -3 - 24 - 7 - -19?
-15
What is -3 + -10 + 26 + -2 - 21?
-10
Evaluate (5 - 0) + (-14 - 1) + 15 + 4.
9
Calculate -3 + -8 + 20 - 8.
1
Calculate -1 - (-6 + (-3 + 7 - (-11 + 6))).
-4
What is 10 - (2 + -2 + 6 + -5)?
9
What is -20 + 17 + -8 + -10 - -12?
-9
What is the value of 153 + -143 + -23 + 1 - -1?
-11
What is the value of 5 + (9 + (-12 - -10) - 16)?
-4
What is (0 - 19) + 4 + -1 + (7 - 9)?
-18
Evaluate (-26 - (33 - 19)) + 11.
-29
What is the value of 1 + -16 + (-2 - -31)?
14
-10 - ((18 - 5) + -6 - 15)
-2
Evaluate -6 + ((-2 - (1 + 2)) + 5 - -6).
0
What is 86 - 72 - (-1 - -10)?
5
What is the value of (-2 - 22) + (26 - -12)?
14
Evaluate 5 - (3 + -1 - (-15 - (-37 - -10))).
15
Calculate -1 + -8 + (9 - 9 - (-3 + 1)).
-7
What is (4 - (-4 - -6 - 2)) + -1?
3
Evaluate 0 + 3 + (7 - 13) + -12 - 4.
-19
Calculate -17 + (-3 - ((7 - -3) + -9)).
-21
What is the value of (30 - 13) + -25 + 7?
-1
What is -4 + (22 - -1) + 29 + (-8 - 13)?
27
What is the value of -10 - ((5 - (-9 - (6 + -8))) + -10)?
-12
Evaluate 10 - (8 + (7 + -7 - 6)).
8
(-20 + 23 - (5 + 0 + 2)) + 14
10
7 + (18 - -8 - 18)
15
Calculate 11 + (-10 - 6) + (-2 + -3 - -11).
1
39 + (-34 - 14) + (52 - 1)
42
1 + -9 + 20 + -2 - 0
10
Calculate 9 + -10 + (-5 - 1).
-7
Calculate (10 + 3 - 9) + 3.
7
Calculate -3 - ((7 + -7 - -6) + (-2 - 9)).
2
12 - -4 - (25 - (52 + -6))
37
What is -20 - (-20 - (-19 + 11))?
-8
8 + -15 + 6 - 33 - (-16 - -5)
-23
(3 - (-2 + 1)) + 78 + -90
-8
What is the value of (-38 - (20 - 66)) + (0 + -4 - 1)?
3
Calculate 0 + ((-9 - -10) + 3 - (0 - 2)).
6
Calculate (-14 - -25) + -6 + -1.
4
(1 - 26) + -7 + -7 + 17
-22
What is the value of 17 + (2 - -16 - 47)?
-12
What is the value of -4 - ((-10 - -1 - -6) + (3 - 0))?
-4
What is the value of 1 + 5 - (36 - (-39 + 74))?
5
What is -14 - ((17 - 29) + 11)?
-13
Evaluate -15 + 17 - -11 - 8.
5
What is the value of 29 + (-7 - 23) - (-2 + 1 - -29)?
-29
Calculate -3 + -1 + (6 + -8 - (-3 - -5)).
-8
Calculate -21 + -1 - (-4 - (12 - (28 - 14))).
-20
What is (19 - 14) + 7 - 4?
8
What is the value of 9 + 2 - 15 - -18 - 5?
9
What is the value of -6 - (-4 + 1 + (3 - (-8 + 7)))?
-7
4 + 0 + (42 - 47) + 4 - -12
15
(3 - 4) + 3 + -42 + 49
9
What is 0 + (18 + -5 - 2) + -10 + 2?
3
Calculate 7 + -22 + 1 + (34 - -13).
33
What is the value of -3 - 20 - ((11 - 24) + 3 + 17)?
-30
Evaluate -11 + -8 + (-23 - -20 - (4 - 20)).
-6
What is the value of -2 + 0 - 9 - (534 + -512)?
-33
What is (5 + -21 - -16) + -7 + (0 - -1)?
-6
Evaluate 1 + (7 - (-12 + 12 + 5)).
3
Evaluate -2 - 2 - -24 - (-3 + 9).
14
Calculate (25 - 19) + (-2 - -9) + 0.
13
Evaluate 0 + 9 + (9 - (56 - 54)).
16
(23 + -8 - 34 - 11) + (0 - -1)
-29
What is (17 - (-6 + 22)) + 11?
12
What is the value of 25 - (1 - 1) - (44 - (36 + 9))?
26
Evaluate (12 - 45) + (8 - -22).
-3
What is the value of -38 + (-2 - -5) + (15 - -4 - 11)?
-27
What is the value of -23 - -57 - (-5 + 69)?
-30
What is the value of -16 + (-5 - 1 - -7) + 3 + -6?
-18
What is -27 + (9 + -7 - -12)?
-13
What is the value of -8 + (-1 - -4) + (-16 - -20)?
-1
Calculate 41 + 0 + (-3 - (-12 - -20)).
30
Evaluate (9 - 13) + 19 + -17 + -8.
-10
What is (-16 - -1) + (40 - (-19 - -54))?
-10
6 + 37 + -64 + 3
-18
What is the value of -3 - 1 - (0 + (-11 - -14))?
-7
(8 - (1 - -5)) + -12 + 3
-7
-4 - 36 - (-60 + 39)
-19
What is (3 - -3) + -3 + 7 + -10 + 1?
1
What is 6 + -16 + 1 + 0?
-9
4 + (6 + -21 - 11) - -13
-9
Calculate -14 - (6 - (-13 - -16)).
-17
Evaluate (-4 - 37) + (87 - 64).
-18
1 - 1 - (0 + -1 + (-88 - -82))
7
Calculate -30 - (20 - 42) - (-2 - (2 - -15)).
11
Evaluate ((6 - -2) + -8 - 4) + 20.
16
What is the value of -7 + 11 + 6 + (-10 - (-6 + 0))?
6
4 - (5 + -6 + -14 + 8)
11
Evaluate (-5 + 4 - 4) + 51 + -58 + 35.
23
(1 - -1) + (3 - (5 + 5))
-5
What is 5 + -11 + 10 + -7?
-3
Evaluate -2 - 17 - (-65 - -52).
-6
What is the value of 1 - -9 - (9 - -2)?
-1
(14 + -2 - 3) + 5
14
What is (110 - 115) + (-10 - -13) + 1 + 3?
2
What is the value of (-19 - -2 - ((2 - -1) + -3)) + 0?
-17
Evaluate 16 + -15 + (-20 + -1 - -3) + 2.
-15
Calculate 16 + -7 + -4 + -1 + -16.
-12
What is -1 + -6 + 1 - (353 - 349)?
-10
What is 44 + (-12 - 9 - 14) + 19?
28
What is the value of (-29 - (-7 - 3)) + 6 + 0?
-13
Calculate -37 + 13 + 8 - (-7 - -3).
-12
13 - (18 - (-3 - -10))
2
What is 5 + -6 - -12 - 3 - (1 + 0)?
7
Calculate 8 + 5 + (14 - 13) - -1.
15
Calculate -15 + -1 + (-12 - (-20 - (0 - 10))).
-18
What is -7 - (-14 + 18) - -33?
22
Calculate -11 + (3 - 6 - (16 - 18)) + 6.
-6
What is 3 - (-15 - -5) - (-16 - -26)?
3
What is the value of 877 + -881 + (30 - -4) + (-2 - 0)?
28
What is 12 + (-13 - -4) - 6?
-3
What is 1 + 0 + 0 + -2?
-1
-16 + 0 + 18 - ((-11 - 4) + -1)
18
What is the value of 6 - (12 + -5) - 4?
-5
(102 - 38) + -41 + -20
3
What is the value of -10 + 11 - (4 - -2)?
-5
Calculate (9 - 18 - 19) + -4 + 21.
-11
What is the value of -1 + 4 + 3 + (-1 - -6 - 21)?
-10
Calculate 7 + (1 + -4 - (11 - (18 - 11))).
0
Calculate -17 + -1 + (8 - 1) - -10.
-1
Evaluate (-5 - 10 - (-4 + 1)) + 15.
3
What is -7 + 3 + 2 + -6 + 8?
0
Evaluate (-56 - -12 - -13) + (13 - 3) + -5.
-26
Evaluate (-10 - (-13 + -3)) + -12.
-6
What is -53 - -60 - ((-12 - -10) + -14)?
23
Evaluate (24 - (8 + -1)) + (2 - -3 - -2).
24
Calculate (-1 - 4) + 19 + -3 + -6.
5
Evaluate -10 + 21 - (6 + 5 + -7).
7
What is (-231 - -215) + (-3 - -20)?
1
11 + -15 - (1 + 3 - (0 + 1))
-7
Evaluate -18 + 34 + -14 + 7 - -26.
35
Calculate (0 + 3 + (-3 - 6) - 1) + 8.
1
Calculate 2 - -3 - (-13 + (-4 - -25)).
-3
What is the value of 1 + (-13 - 11) + 17 + (6 - 2)?
-2
Calculate -13 + 39 + -46 + 2 + 32.
14
Evaluate 5 + -9 + -5 + 2 + -10.
-17
What is -14 - ((-14 - -12 - -11) + 3)?
-26
Calculate (-5 - (-5 - 7)) + 5.
12
What is (-2 - -3) + (-24 - -36 - (0 - 1))?
14
What is -25 - (-21 + -26 + 28)?
-6
What is 10 + -21 + 16 - 16?
-11
Evaluate 7 + 24 + -11 + -9 + (2 - -1).
14
What is (-6 - -17) + -2 + (2 - -4) + -7?
8
E